mon factor of 20560 and 160?
80
Calculate the highest common divisor of 840 and 980.
140
What is the greatest common factor of 56 and 88?
8
Calculate the greatest common divisor of 28 and 385.
7
Calculate the greatest common factor of 2125 and 125.
125
Calculate the greatest common divisor of 345 and 15.
15
What is the highest common factor of 27 and 18?
9
What is the highest common factor of 132 and 176?
44
What is the highest common factor of 68 and 12?
4
What is the highest common divisor of 159 and 12?
3
What is the greatest common factor of 75 and 275?
25
What is the greatest common divisor of 56 and 497?
7
Calculate the highest common divisor of 112 and 320.
16
Calculate the greatest common divisor of 400 and 50.
50
Calculate the greatest common factor of 777 and 21.
21
What is the highest common divisor of 3972 and 18?
6
What is the highest common factor of 60 and 150?
30
Calculate the greatest common divisor of 1428 and 84.
84
What is the highest common divisor of 7 and 301?
7
Calculate the highest common factor of 142 and 2.
2
What is the highest common factor of 12 and 564?
12
What is the greatest common factor of 403 and 1643?
31
Calculate the greatest common divisor of 29 and 2059.
29
What is the greatest common divisor of 222 and 102?
6
Calculate the greatest common factor of 992 and 31.
31
What is the highest common divisor of 1708 and 196?
28
Calculate the highest common divisor of 8027 and 23.
23
What is the highest common divisor of 590 and 160?
10
What is the highest common divisor of 40 and 1560?
40
Calculate the highest common divisor of 392 and 1400.
56
Calculate the greatest common factor of 15 and 1245.
15
What is the greatest common divisor of 2266 and 22?
22
Calculate the greatest common divisor of 418 and 38.
38
Calculate the greatest common factor of 19 and 2717.
19
What is the highest common divisor of 268 and 67?
67
Calculate the greatest common divisor of 1 and 19.
1
Calculate the greatest common divisor of 6930 and 70.
70
Calculate the highest common divisor of 72 and 180.
36
What is the greatest common factor of 14 and 343?
7
What is the highest common factor of 524 and 16899?
131
What is the greatest common divisor of 8 and 1192?
8
Calculate the greatest common factor of 2331 and 3552.
111
What is the greatest common divisor of 70 and 9730?
70
Calculate the greatest common factor of 156 and 10842.
78
Calculate the greatest common divisor of 6 and 10.
2
What is the greatest common divisor of 33 and 11?
11
Calculate the highest common factor of 28 and 224.
28
What is the highest common divisor of 216 and 4374?
54
Calculate the greatest common factor of 189 and 35.
7
Calculate the highest common factor of 700 and 500.
100
What is the greatest common factor of 30 and 210?
30
What is the highest common divisor of 120 and 375?
15
Calculate the highest common divisor of 12 and 5028.
12
Calculate the greatest common factor of 960 and 90.
30
Calculate the greatest common divisor of 54 and 378.
54
What is the greatest common divisor of 112 and 28?
28
Calculate the highest common divisor of 70 and 55545.
35
Calculate the greatest common divisor of 17 and 216.
1
What is the highest common divisor of 23 and 2047?
23
What is the greatest common factor of 1713 and 6?
3
Calculate the highest common factor of 23332 and 152.
76
Calculate the highest common factor of 56 and 2114.
14
What is the greatest common divisor of 120 and 96?
24
Calculate the highest common factor of 154 and 14.
14
What is the highest common factor of 396 and 60?
12
What is the highest common divisor of 480 and 5?
5
Calculate the highest common factor of 3675 and 75.
75
What is the highest common factor of 3296 and 103?
103
Calculate the highest common divisor of 7866 and 57.
57
What is the highest common factor of 938 and 56?
14
Calculate the greatest common divisor of 3173 and 399.
19
What is the highest common divisor of 230 and 138?
46
What is the greatest common factor of 26 and 2652?
26
What is the greatest common divisor of 24 and 1496?
8
What is the highest common factor of 1100 and 80?
20
What is the greatest common divisor of 534 and 445?
89
Calculate the highest common factor of 1404 and 585.
117
Calculate the highest common factor of 7494 and 18.
6
Calculate the greatest common factor of 2033 and 214.
107
What is the greatest common factor of 201 and 9?
3
What is the greatest common factor of 195 and 130?
65
Calculate the greatest common divisor of 5 and 80.
5
What is the greatest common factor of 162 and 23274?
54
Calculate the highest common factor of 513 and 456.
57
What is the greatest common divisor of 4991 and 248?
31
What is the greatest common divisor of 188 and 7238?
94
What is the highest common factor of 728 and 196?
28
Calculate the greatest common divisor of 1369 and 851.
37
Calculate the greatest common factor of 27 and 6.
3
What is the greatest common factor of 580 and 65?
5
Calculate the highest common divisor of 60 and 340.
20
Calculate the highest common factor of 3 and 6.
3
What is the greatest common factor of 13 and 5863?
13
Calculate the highest common factor of 38 and 5092.
38
What is the greatest common divisor of 2052 and 192?
12
What is the highest common divisor of 12 and 111?
3
Calculate the highest common factor of 689 and 598.
13
What is the highest common factor of 6 and 489?
3
Calculate the highest common divisor of 87 and 261.
87
Calculate the highest common factor of 62 and 620.
62
What is the highest common factor of 48 and 228?
12
What is the highest common divisor of 45 and 720?
45
What is the greatest common factor of 297 and 27?
27
What is the greatest common divisor of 76 and 722?
38
Calculate the greatest common factor of 660 and 4730.
110
What is the highest common divisor of 364 and 784?
28
What is the greatest common factor of 948 and 12?
12
What is the greatest common divisor of 180 and 8940?
60
Calculate the greatest common factor of 18 and 150.
6
Calculate the greatest common divisor of 30 and 310.
10
Calculate the greatest common divisor of 18336 and 96.
96
Calculate the greatest common factor of 5055 and 15.
15
Calculate the greatest common factor of 186 and 12834.
186
What is the greatest common factor of 308 and 44?
44
Calculate the highest common factor of 52 and 4.
4
What is the greatest common divisor of 322 and 70?
14
What is the greatest common factor of 104 and 20?
4
What is the greatest common divisor of 54 and 792?
18
Calculate the greatest common divisor of 534 and 102.
6
Calculate the highest common divisor of 672 and 294.
42
Calculate the greatest common divisor of 2624 and 128.
64
Calculate the highest common divisor of 29 and 3.
1
Calculate the highest common factor of 48 and 9216.
48
What is the highest common factor of 56 and 1750?
14
What is the highest common factor of 8 and 3992?
8
What is the highest common divisor of 30 and 2820?
30
What is the greatest common factor of 20 and 28?
4
What is the highest common divisor of 52 and 65?
13
Calculate the greatest common divisor of 764 and 4.
4
Calculate the highest common factor of 6 and 1698.
6
What is the greatest common divisor of 38 and 94?
2
Calculate the highest common divisor of 6 and 324.
6
What is the highest common divisor of 1027 and 39?
13
Calculate the greatest common divisor of 187 and 330.
11
What is the highest common divisor of 748 and 68?
68
What is the highest common divisor of 3404 and 184?
92
Calculate the greatest common factor of 186 and 2542.
62
Calculate the highest common divisor of 33 and 96.
3
What is the greatest common divisor of 65 and 6305?
65
Calculate the greatest common factor of 93 and 1054.
31
What is the highest common factor of 4796 and 44?
44
Calculate the greatest common divisor of 1040 and 910.
130
What is the greatest common divisor of 2104 and 16?
8
Calculate the highest common factor of 1740 and 192.
12
What is the greatest common divisor of 650 and 910?
130
Calculate the highest common divisor of 36 and 96.
12
What is the highest common factor of 45 and 480?
15
Calculate the greatest common divisor of 390 and 10.
10
What is the highest common divisor of 8 and 11?
1
Calculate the highest common factor of 316 and 237.
79
Calculate the greatest common factor of 63 and 117.
9
Calculate